 1826 + 6754 = 110*d. Calculate the highest common factor of z and d.
26
Let k = -26 - -40. Let z = 17 + -29. Let m(c) = -9*c - 52. Let h be m(z). What is the greatest common factor of h and k?
14
Suppose 5*o = -0*w + w + 410, 5*w + 25 = 0. Let s = -5445 - -5634. Calculate the greatest common divisor of s and o.
27
Let u = 1 - -16. Suppose 34*p + m + 149 = 35*p, p = -5*m + 173. Calculate the greatest common factor of u and p.
17
Let x be 0 + 42/(3 + -1). Suppose -282*j = -522*j - 10800. Let s be (0 + 7/x)/((-1)/j). Calculate the highest common divisor of 15 and s.
15
Let r(u) = 393*u**2 + 2*u. Let t be r(-2). Let d = 306513 - 306499. What is the greatest common factor of d and t?
14
Suppose -5*y - j + 1174 = 335, 0 = 3*y + 2*j - 502. Suppose -5*n + 240 = 4*b, -5*b - 32 = -3*n + 112. What is the greatest common divisor of y and n?
24
Let d be 28/1*1*4/14. Let q be d/(-8)*(-1 - (7 - -3)). Calculate the highest common divisor of q and 1.
1
Let t be (-181)/(-5) - 4/20. Suppose -38*y = -34*y - 168. Suppose -5*o + y = -3. Calculate the greatest common factor of t and o.
9
Suppose 0 = 2*g - 4*c - 108, -2*c = -3*g + 3*c + 166. Suppose 0 = 4*a - 5*y - 233, 4*y - 275 = -4*a - 15. Calculate the greatest common factor of a and g.
62
Suppose -19*f + 31*f = 18792. Suppose 0 = 5*v + 3*c - f, -c - 4*c - 1550 = -5*v. Calculate the highest common divisor of 48 and v.
24
Let m be ((-3)/(-1))/((-475)/(-910) + (-12)/39). What is the highest common factor of 4137 and m?
7
Let n = 161 - 34. Let y = -223 + n. Let k = y - -117. Calculate the greatest common divisor of 9 and k.
3
Let j be (104/12)/((-2)/(-6)). Let w = -4091 - -4377. What is the highest common factor of w and j?
26
Let i be (-3)/(-2)*(-24616)/(-543). Calculate the greatest common factor of 5678 and i.
34
Let k = -18189 - -18237. Let b(f) = 2*f**3 - 2*f**2 - f. Let o be b(2). Calculate the greatest common divisor of o and k.
6
Let m be (1745 + -8)/9 - -3. Calculate the greatest common factor of 8 and m.
4
Suppose 148*x = -134*x + 35532. Calculate the greatest common factor of 7875 and x.
63
Suppose -6 = -2*m - 0*t + t, t = -5*m + 29. Suppose -3*p - 6 = -2*n + 27, 66 = m*n - 2*p. What is the highest common factor of n and 96?
12
Let z(l) = -7*l - 7. Let o be z(-4). Let w(x) = -2*x + 36. Let k be w(o). Let f be 0 + (k + 3 - -10) - -1. Calculate the greatest common factor of f and 72.
8
Let g(o) = 2*o + 0*o - 4*o + 16 - 11. Let n be g(0). Let b be ((-4)/n)/((-11)/330). What is the greatest common factor of 24 and b?
24
Suppose -3*n - k = -689, 3*k = 3*n - 632 - 73. Calculate the highest common divisor of 528 and n.
33
Let g = -3846 - -3912. Calculate the highest common divisor of g and 275.
11
Suppose 0 = 1651*d - 1635*d - 282240. What is the highest common divisor of 24 and d?
24
Suppose 2*o - 221 = -2063. Let b = -786 - o. What is the highest common divisor of b and 15?
15
Suppose c = 4*v + 312, 14 - 5 = 3*v. Calculate the highest common factor of c and 36.
36
Suppose -61*v + 51420 = 193*v - 5730. Calculate the greatest common factor of 207 and v.
9
Suppose 2*k + 150 = -i + 5*i, 3*k = -2*i + 71. Let z = i - 25. Suppose z*v - 141 = 3. Calculate the greatest common factor of v and 1.
1
Let x(j) = -j**3 - 3*j**2 - 6*j - 5. Let p be x(-4). Let z be ((-252)/(0 + 3))/(9/(-30)*1). What is the greatest common divisor of p and z?
35
Suppose 6*f = 9*f - 42. Let r be 14/(-49) - (-2)/(14/163). Suppose r = -y + 65. What is the greatest common factor of f and y?
14
Let p be (-2)/(-5) + (63664/345 - 1/(-15)). Calculate the highest common factor of 222 and p.
37
Let r = -17 + -28. Let g = r - -47. Calculate the highest common divisor of g and 16.
2
Let h be (-6 - 2)/(-1)*18774/28. Calculate the highest common divisor of h and 36.
36
Suppose -3*a = r - 184, -3*a + 5*a + 5*r - 140 = 0. Calculate the greatest common factor of 32 and a.
4
Let z = 360 - 200. Let n be (490/147)/(1/6). What is the highest common factor of z and n?
20
Suppose -5*m + 62 + 28 = -q, 0 = 2*m - 4*q - 54. Suppose m*i = 110 + 128. Let a(o) = -91*o. Let z be a(-1). What is the greatest common factor of z and i?
7
Suppose 318 = -8*w - 114. Let x = 37 - w. Calculate the greatest common divisor of 52 and x.
13
Let s = -21 - -43. Suppose 7*u = s - 1. Let x be (-3 + 2 + -27)/(-4 + u). What is the highest common divisor of 4 and x?
4
Suppose 2*b = -3*b. Suppose b = 6*p + 4*p - 150. What is the highest common divisor of 105 and p?
15
Let r(s) = -s**3 - 6*s**2 - 2*s + 8. Let a be r(-6). Suppose -331*v + 703 - 4383 = -354*v. What is the greatest common divisor of a and v?
20
Let y be 35 - -164 - (4 - -1) - -3. Suppose 3*v + p - 601 = 2*p, -v - 3*p = -y. Calculate the highest common divisor of 80 and v.
40
Suppose -40*p + 11851 = -7189. Calculate the highest common divisor of 308 and p.
28
Let l(v) be the third derivative of -3*v**4/4 - 3*v**3/2 - 3*v**2. Suppose 15 - 3 = -6*z. Let a be l(z). Calculate the greatest common divisor of 9 and a.
9
Let l = -564 - -1054. Let a = 513 - l. Calculate the greatest common divisor of a and 253.
23
Let u = 139 + -114. Suppose 0 = 2*r - 3*v, -5*r + 0*v = -v. Suppose r*z = -z + 10. What is the highest common divisor of u and z?
5
Let d(t) = 116*t + 2262. Let f be d(-14). What is the greatest common factor of 522 and f?
58
Let j be ((-1184)/(-30))/(-4) + 44/(-330). Let f(i) = -43*i - 214. Let h be f(j). Suppose -110 = -4*t - 14. What is the greatest common divisor of h and t?
24
Let z be (-1)/2 - (3 + 92/(-8)). Let n = 79 - 48. Let g = 39 - n. Calculate the highest common factor of g and z.
8
Let v be (-1 + -45)/((-14)/168). What is the highest common divisor of v and 216?
24
Let u = 34 - 20. Let j = 49 + -49. Suppose -4*n + 11*n - 392 = j. Calculate the highest common divisor of n and u.
14
Suppose 1316*s + 2086 = 1330*s. What is the highest common factor of 4321 and s?
149
Suppose 2*q = 5*f - 9, -q + 0 = 5*f - 3. Let y be 0/(f + 2) + 3. What is the highest common factor of 27 and y?
3
Suppose -a + 35 = -2*q, -145 + 41 = -4*a - 4*q. Let y(n) = -n**3 + 40*n**2 - 111*n + 1. Let s be y(36). What is the highest common divisor of a and s?
29
Suppose 4*j = j + 624. Let d be 1656/(-598)*130/(-15). What is the highest common factor of j and d?
8
Suppose 4*p + 62 = 206. Let h be (-154 - -231)*(0 - -1*18/7). Calculate the greatest common divisor of h and p.
18
Let c(a) = -193 - 22*a + 145 - 22*a**2 - a**3 + 93. Let k be c(-21). Let h = 20 - -2. What is the highest common factor of k and h?
22
Let b be (-71)/(-3) + 12/(-18). Let n(m) = -m**3 + 13*m**2 - 31*m + 11. Let r be n(10). What is the greatest common factor of b and r?
1
Let n be (-18)/(-30) + (-2)/((-20)/(-6)). Let x be (-9*(n + (-46)/6))/3. What is the highest common factor of 46 and x?
23
Let m be (-456)/(-21) + 2/7 + 0. Let n be (m/(-4))/(3/(-6)). Let t(z) = -z**2 + 8*z + 49. Let v be t(n). What is the highest common factor of v and 112?
16
Let w be 1/(1075/(-135) - -3 - -5). Let t(u) = -u**2 + 24*u + 50. Let p be t(22). Suppose 9*q - p + 13 = 0. What is the highest common divisor of q and w?
9
Suppose -88 + 4 = -12*s. Let b = 26 + -22. Suppose 121 = b*g - 131. Calculate the greatest common divisor of g and s.
7
Let l(v) = -85*v - 21. Let s be l(-1). Suppose 2*z - j - 3*j = 136, s = z - 4*j. What is the highest common divisor of z and 198?
18
Suppose -6*q = -q - 50. Let l = -84415 + 84495. Calculate the highest common divisor of l and q.
10
Suppose -6*z = -10 + 862. Let w = -105 - z. Calculate the highest common factor of w and 148.
37
Let b(c) = -c**3 - 9*c**2 - 25*c - 32. Let v be b(-7). What is the greatest common divisor of v and 1770?
15
Suppose 1490 - 230 = 5*r. Suppose -3*k + 3*q + 926 = 821, q = -4*k + 105. What is the greatest common divisor of k and r?
28
Suppose -79799 = -4*r - 79747. What is the greatest common divisor of r and 15912?
13
Let g be 5/((-20)/16)*(-86 - -5). Let u(a) = -a - 4. Let f be u(-11). Suppose f*l + 2*l = g. What is the greatest common divisor of l and 60?
12
Let v be (1263 - (-4 - -8) - 5) + (-12 - -8). What is the highest common divisor of v and 350?
50
Let n(m) = -2*m + 9. Let x be n(5). Let i be ((-2)/(-4))/(x/60*-3). Calculate the highest common factor of i and 45.
5
Suppose 3*y = -3*t + 6, -y + 3*t = -0*y - 14. Let m = 10432 + -10387.